{"id":16257,"date":"2024-09-16T14:38:29","date_gmt":"2024-09-16T17:38:29","guid":{"rendered":"https:\/\/www.papeleriaalbe.com.uy\/home\/producto\/guante-de-goma-funsa-bicolor-talle-8\/"},"modified":"2024-11-14T08:47:40","modified_gmt":"2024-11-14T11:47:40","slug":"guante-de-goma-funsa-bicolor-talle-8","status":"publish","type":"product","link":"https:\/\/www.papeleriaalbe.com.uy\/home\/producto\/guante-de-goma-funsa-bicolor-talle-8\/","title":{"rendered":"Guante de goma Funsa Bicolor &#8211; Talle 8"},"content":{"rendered":"","protected":false},"excerpt":{"rendered":"<ul style=\"list-style-type: circle;\">\n<li><span style=\"font-family: verdana, geneva, sans-serif;\">Su exclusiva doble capa de l\u00e1tex garantiza una mayor duraci\u00f3n y rendimiento, brindando larga duraci\u00f3n y m\u00e1xima protecci\u00f3n.<\/span><\/li>\n<\/ul>\n","protected":false},"featured_media":17230,"template":"","meta":[],"product_brand":[],"product_cat":[1233],"product_tag":[],"class_list":{"0":"post-16257","1":"product","2":"type-product","3":"status-publish","4":"has-post-thumbnail","6":"product_cat-limpieza","8":"first","9":"instock","10":"taxable","11":"shipping-taxable","12":"purchasable","13":"product-type-simple"},"_links":{"self":[{"href":"https:\/\/www.papeleriaalbe.com.uy\/home\/wp-json\/wp\/v2\/product\/16257","targetHints":{"allow":["GET"]}}],"collection":[{"href":"https:\/\/www.papeleriaalbe.com.uy\/home\/wp-json\/wp\/v2\/product"}],"about":[{"href":"https:\/\/www.papeleriaalbe.com.uy\/home\/wp-json\/wp\/v2\/types\/product"}],"wp:featuredmedia":[{"embeddable":true,"href":"https:\/\/www.papeleriaalbe.com.uy\/home\/wp-json\/wp\/v2\/media\/17230"}],"wp:attachment":[{"href":"https:\/\/www.papeleriaalbe.com.uy\/home\/wp-json\/wp\/v2\/media?parent=16257"}],"wp:term":[{"taxonomy":"product_brand","embeddable":true,"href":"https:\/\/www.papeleriaalbe.com.uy\/home\/wp-json\/wp\/v2\/product_brand?post=16257"},{"taxonomy":"product_cat","embeddable":true,"href":"https:\/\/www.papeleriaalbe.com.uy\/home\/wp-json\/wp\/v2\/product_cat?post=16257"},{"taxonomy":"product_tag","embeddable":true,"href":"https:\/\/www.papeleriaalbe.com.uy\/home\/wp-json\/wp\/v2\/product_tag?post=16257"}],"curies":[{"name":"wp","href":"https:\/\/api.w.org\/{rel}","templated":true}]}}