{"id":16173,"date":"2024-09-16T14:36:31","date_gmt":"2024-09-16T17:36:31","guid":{"rendered":"https:\/\/www.papeleriaalbe.com.uy\/home\/producto\/papel-a4-ledesma-natural-eco-x-500-hjs\/"},"modified":"2024-11-14T10:06:34","modified_gmt":"2024-11-14T13:06:34","slug":"papel-a4-ledesma-natural-eco-x-500-hjs","status":"publish","type":"product","link":"https:\/\/www.papeleriaalbe.com.uy\/home\/producto\/papel-a4-ledesma-natural-eco-x-500-hjs\/","title":{"rendered":"Papel A4 Ledesma Natural Eco x 500 hojas."},"content":{"rendered":"","protected":false},"excerpt":{"rendered":"<ul style=\"list-style-type: circle\">\n<li><span style=\"font-family: verdana, geneva, sans-serif\">Resma de papel ecol\u00f3gico y sustentable de 75g.<\/span><\/li>\n<li><span style=\"font-family: verdana, geneva, sans-serif\">para medios de impresi\u00f3n y fotocopiadoras. <\/span><\/li>\n<li><span style=\"font-family: verdana, geneva, sans-serif\">100% fibra de ca\u00f1a de az\u00facar, 0% fibra de \u00e1rbol y 0% de blanqueadores qu\u00edmicos lo que lo hace m\u00e1s amigable con el medio ambiente.<\/span><\/li>\n<\/ul>\n","protected":false},"featured_media":16862,"template":"","meta":[],"product_brand":[],"product_cat":[1238],"product_tag":[],"class_list":{"0":"post-16173","1":"product","2":"type-product","3":"status-publish","4":"has-post-thumbnail","6":"product_cat-insumos-de-impresion","8":"first","9":"instock","10":"taxable","11":"shipping-taxable","12":"purchasable","13":"product-type-simple"},"_links":{"self":[{"href":"https:\/\/www.papeleriaalbe.com.uy\/home\/wp-json\/wp\/v2\/product\/16173","targetHints":{"allow":["GET"]}}],"collection":[{"href":"https:\/\/www.papeleriaalbe.com.uy\/home\/wp-json\/wp\/v2\/product"}],"about":[{"href":"https:\/\/www.papeleriaalbe.com.uy\/home\/wp-json\/wp\/v2\/types\/product"}],"wp:featuredmedia":[{"embeddable":true,"href":"https:\/\/www.papeleriaalbe.com.uy\/home\/wp-json\/wp\/v2\/media\/16862"}],"wp:attachment":[{"href":"https:\/\/www.papeleriaalbe.com.uy\/home\/wp-json\/wp\/v2\/media?parent=16173"}],"wp:term":[{"taxonomy":"product_brand","embeddable":true,"href":"https:\/\/www.papeleriaalbe.com.uy\/home\/wp-json\/wp\/v2\/product_brand?post=16173"},{"taxonomy":"product_cat","embeddable":true,"href":"https:\/\/www.papeleriaalbe.com.uy\/home\/wp-json\/wp\/v2\/product_cat?post=16173"},{"taxonomy":"product_tag","embeddable":true,"href":"https:\/\/www.papeleriaalbe.com.uy\/home\/wp-json\/wp\/v2\/product_tag?post=16173"}],"curies":[{"name":"wp","href":"https:\/\/api.w.org\/{rel}","templated":true}]}}